
2, 3
Let k = 81 - 29. What are the prime factors of k?
2, 13
Let w be (5/2)/(14/28). Suppose -3*y + 26 = -y + w*m, 4 = 2*m. List the prime factors of y.
2
List the prime factors of 3/2 - (124/(-8) + -2).
19
Let f(u) = u + 17. Let q be (-2)/7 - (-576)/7. Let p be (-1)/(-4) + q/(-8). List the prime factors of f(p).
7
Let z(j) = -j + 12. Let k be z(5). Let i(o) = -o + k + 5 - 5. List the prime factors of i(0).
7
Suppose 16 = -0*z + 4*z. Suppose 3*b - 13 = -z. Suppose -b*u = h - 26, -4*u + 2 + 7 = -h. What are the prime factors of h?
11
Let o = -7 - -3. Let v = -31 - o. Let p = v - -38. List the prime factors of p.
11
Suppose 6 = 3*g + 4*h - 11, 0 = -g - 4*h + 19. Let n = 8 + g. What are the prime factors of n?
7
Let g = 10 - -7. Let t = 37 - g. Suppose t = -x + 5*x. List the prime factors of x.
5
What are the prime factors of 49/2*96/14?
2, 3, 7
Suppose -2*c + 4 = -0*c. Suppose 64 = c*n - 5*i + i, 5*i + 26 = n. Suppose 0*k - 3*k = -n. What are the prime factors of k?
2, 3
Suppose -3*s + 94 + 5 = 0. List the prime factors of s.
3, 11
Let t be 3/(-1)*(-44)/6. Suppose -5*p + t = 3*y, -p + 23 = 3*y + 3*p. What are the prime factors of (6/y)/(4/54)?
3
Let l = 18 - 12. List the prime factors of 5/10*(l + -2).
2
Suppose -16 - 8 = -h + 5*i, -72 = -3*h - 3*i. Let a = 35 - h. List the prime factors of a.
11
Suppose 5*j - 7*j = 20. Let f(g) be the second derivative of g**4/12 + 3*g**3/2 + g**2/2 - 2*g. What are the prime factors of f(j)?
11
Suppose 5*p - 16 = -2*b, b = 4*b + 5*p - 14. List the prime factors of (-196)/b*1/2.
7
Suppose 0 = 2*z + 5*c - 52, 7*z + 2*c = 2*z + 130. What are the prime factors of z?
2, 13
Suppose -136 = -2*z + 238. What are the prime factors of z?
11, 17
Let w = -52 - -87. List the prime factors of w.
5, 7
Let k = -1 + 8. Suppose c + k = -0*c. Let p = -3 - c. List the prime factors of p.
2
Let u = 12 + -7. Suppose 0*z + 4*c = 4*z - 12, u*z + 17 = -3*c. List the prime factors of (8 + 1)/3 - z.
2
Suppose 0 = -i - i + 22. Suppose -49 - i = -4*w. What are the prime factors of w?
3, 5
List the prime factors of (0 + 1)*(3 + 58).
61
Let c(i) = -i**3 + 9*i**2 - 7*i - 4. Let r be c(6). Let v = r + -24. What are the prime factors of v?
2, 19
Suppose 4*r - 10 = -r. Suppose r*s - b = -9, 0*b + 2*b - 2 = -4*s. List the prime factors of s - -4 - -1 - 0.
3
Let u(d) = d - 3. Let f be u(5). Let q be (2/f)/(5/(-55)). Let l(i) = i**3 + 12*i**2 + 8*i - 12. What are the prime factors of l(q)?
3, 7
Suppose -5*s + 2 = -2*v, -4*s = 5*v - 0 + 5. Let q be 1 + -2 + s + 13. Let l = q - 5. List the prime factors of l.
7
Suppose 7*i - 684 = i. What are the prime factors of i?
2, 3, 19
Suppose u = -5*t + 123, -150 = -2*u + 4*t + 96. List the prime factors of u.
3, 41
Suppose -3*h = -5*h + 5*z + 278, -5*z + 20 = 0. What are the prime factors of h?
149
Let u = -1 + 4. Suppose u*b + 44 = -b. Let h = b - -19. What are the prime factors of h?
2
Let p(t) = -3*t - 9. Suppose 3*c = -n - 16, 5*c + 2*n - 5*n + 36 = 0. List the prime factors of p(c).
3
Let a = -3 - -50. List the prime factors of a.
47
Let m = -8 + 10. Let u(g) = -g + 6. List the prime factors of u(m).
2
Suppose 3*m - 84 = -2*h, -4*h = -3*m + 28 - 196. What are the prime factors of h?
2, 3, 7
Suppose -3*m = 4*y - 1, -3*m + 2*m = 3*y + 3. Suppose b + m*b - 20 = 0. Suppose -2*g + 3*d = -5*g + 12, -b*g - 3*d = -30. List the prime factors of g.
3
Let m = 39 - 22. List the prime factors of m.
17
Let x(l) = 2*l + 25. Let s be x(0). Suppose -s = -u + 14. What are the prime factors of u?
3, 13
Let i(p) = p**3 + 10*p**2 + 8*p + 6. Let k = 14 + -23. List the prime factors of i(k).
3, 5
Suppose -4 = 4*z - 2*h, -4*h + 2 = z - 6. Suppose z = -2*d + 3*y - 2*y + 19, -y + 26 = 3*d. Suppose a = 4*a - d. What are the prime factors of a?
3
Suppose -4*b + 280 = 4*s, 3*s - 5*b - 163 = 15. List the prime factors of s.
2, 3, 11
Let n(l) = 17*l - 72. List the prime factors of n(18).
2, 3, 13
Let x = 729 - 427. What are the prime factors of x?
2, 151
What are the prime factors of 2 - 3/((-3)/40)?
2, 3, 7
Suppose -3*y = 2*y - 20. Suppose y*d + 39 = 115. List the prime factors of d.
19
Suppose 0*n = -2*n + 56. List the prime factors of n.
2, 7
Let c = 8 + 24. Suppose -3*p = p - c. Suppose b + 3*b = p. List the prime factors of b.
2
Let i = 179 - 114. List the prime factors of i.
5, 13
Let v(t) be the first derivative of t**3/3 - 3*t**2 + 6*t - 2. Let z be v(4). Let u = z - -5. List the prime factors of u.
3
Let b(m) = -4*m - 1. Let v(z) = -z**2 + z - 1. Let s be v(1). List the prime factors of b(s).
3
Let f(q) = 7*q - 7. What are the prime factors of f(10)?
3, 7
Let z(y) be the first derivative of -y**3/3 - y**2/2 + 2*y - 2. List the prime factors of z(0).
2
Let u = 154 - 89. What are the prime factors of u?
5, 13
Let k = 23 + -19. Suppose k*b - 200 = -0*b. What are the prime factors of b?
2, 5
Let a = 154 + -79. What are the prime factors of a?
3, 5
Suppose -n + 8 = o, -2*n = o - 2*o + 14. Suppose 5*b = o*b - 170. List the prime factors of b.
2, 17
Suppose 2*f = -4*l + 106, 2*f - 7*f + 49 = 2*l. Suppose 2*v + 2*v - 74 = -5*u, 2*u = v + l. What are the prime factors of u?
2, 7
Let s = -49 + 201. What are the prime factors of s?
2, 19
Suppose -65 = -z - s, -180 = -3*z + s + s. List the prime factors of z.
2, 31
Suppose -l + 3*l - 3*r = 128, -r + 54 = l. List the prime factors of l.
2, 29
Let o(w) = w**3 - 8*w**2 + 7. Let m be o(8). Suppose 2*d = 3*d - m. Let g(b) = b**2 - 4*b - 6. What are the prime factors of g(d)?
3, 5
Suppose 13*u = -8*u + 4431. What are the prime factors of u?
211
Let q(g) = -6 - 3*g**2 + 0*g - 5*g + g**3 + 8*g**2 + g**2. Let p be q(-4). Suppose 3*a + j + 11 = p, -26 = -2*a + 2*j. List the prime factors of a.
2, 3
Let m(f) be the third derivative of f**5/15 + f**4/24 + 2*f**2. Suppose -4 + 2 = -k. What are the prime factors of m(k)?
2, 3
Let v(g) = -g + 2. Let m be v(0). Let y(l) = -5 + 3*l - 4*l - 6*l - l**m. What are the prime factors of y(-4)?
7
Suppose -26 = 5*i - 1. Let o = i + 7. What are the prime factors of o?
2
Let y = -5 + 5. Suppose -6 = -a - y*a. Let h = 11 - a. What are the prime factors of h?
5
Let z(b) = -b**3 + 6*b**2 - 3. Let o be z(6). Let q = o + 5. List the prime factors of -1 - q - (-9 - 0).
2, 3
Let p = -1 + 18. Suppose -2*k - 4 = b, 0 = b + b - k - p. List the prime factors of b.
2, 3
List the prime factors of (-198)/(-4) - 15/(-10).
3, 17
Let t = 1 - -1. Suppose -4*s = -5*c, -2*c = c - 2*s - t. Suppose 8*l - c*l - 16 = 0. List the prime factors of l.
2
Suppose -3*j = j + 448. List the prime factors of j/(-10) + (-5)/25.
11
Let f be 22/5 + (-6)/15. Let s(u) = u**3 - 4*u**2 + u + 2. List the prime factors of s(f).
2, 3
Suppose -4*h - 8 = -20. Suppose 0 = 5*a - 5*x - 90, 36 = -a + 4*a + h*x. What are the prime factors of a?
3, 5
Suppose 4 = 2*o - 3*j - 4, -3*o = j - 12. Suppose o*v + 5 = -11. Let r = 2 - v. What are the prime factors of r?
2, 3
Suppose -2 = -2*l + 18. Let a be 16/(-2)*6/4. What are the prime factors of 10*-1*a/l?
2, 3
Let h(a) = -3*a**2 + 14*a. Let q(u) = -u**2. Let j(r) = -h(r) + 4*q(r). List the prime factors of j(-9).
3, 5
Suppose -2*p + 702 - 88 = 0. List the prime factors of p.
307
Let b(h) = 58*h**3 + h**2 - 2*h + 1. Let g be b(1). Let w = g + -27. Let y = 43 - w. List the prime factors of y.
2, 3
Let b be ((-4)/6)/2*-27. Let t(s) = s - 3. Let r be t(b). What are the prime factors of (4/(-10))/(r/(-30))?
2
Let i = -2 + -8. Let c be 53/(-11) - i/(-55). Let t = 4 - c. List the prime factors of t.
3
Suppose 6*o = 5*o + 2. Suppose 4*m - 29 = 4*n - 169, -o*n = -m - 74. What are the prime factors of n?
3, 13
Let u(i) be the first derivative of i**2 - 6*i + 2. What are the prime factors of u(10)?
2, 7
Suppose -5*d + 8 = 3. List the prime factors of 47 - (d/1 - -2).
2, 11
What are the prime factors of (-128)/(-20)*15/2?
2, 3
What are the prime factors of -12 + 33 + -5 + 0?
2
Let c(i) = -i**2 + 6*i + 5. Let u be c(6). Let d = u - 7. List the prime factors of -2*d/2 - -11.
13
Suppose -5*k - 5*b + 55 = 0, 0 = -2*k + 5*k + 5*b - 35. Suppose -4*u + 7*u = 3, h - k = -4*u. What are the prime factors of h?
2, 3
Let h be (4 - -3) + 0 - -1. Let t = -4 + h. What are the prime factors of t?
2
Let n be 2/(-3) + 2/3. Suppose -4*j + 5*j - 2 = n. Suppose 5 - 1 = j*m. List the prime factor